t n = 35 + -35. Calculate l(n).
-11
Suppose -4*y - 10 = 3*f, 5*y + 10 = -f - 8. Let c(r) = 3*r + 16. Let g(p) = -16*p - 80. Let w(u) = f*g(u) + 11*c(u). Determine w(-7).
9
Let r be (-4)/10 - 2/(-5). Let w(h) = -74*h**3 - 6 + 75*h**3 - 3 - h**2 - h. Determine w(r).
-9
Suppose 3*y = -9, -5*x - 23 = y - 0*y. Let s(k) = -k**3 - 3*k**2 + 3*k - 1. What is s(x)?
3
Let x(n) = 2*n**2 + 7*n + 5 - 3*n**2 + 2*n**2. Let r = 28 + -33. Determine x(r).
-5
Let w(u) = u**3 - 8*u**2 + 5*u + 5. Suppose 3*x = 2*j + 29, 5*j = -9 - 11. Determine w(x).
-9
Let v(j) = 3*j - 2*j - 3 + 6. Calculate v(-2).
1
Let l(c) be the first derivative of 7*c**3/3 - c**2/2 + c - 15. Give l(1).
7
Suppose -k + 1 = -h, 0*h - 15 = -3*h - 3*k. Let v(y) = -3*y + 5*y + 5 + y - y**h. What is v(5)?
-5
Let d = -9 + 12. Let j(y) = 20*y - 5. Let m(c) = 7*c - 2. Let f(g) = 6*j(g) - 17*m(g). Calculate f(d).
7
Let k(y) be the first derivative of -y**3/3 + 4*y**2 - 10*y + 7. What is k(8)?
-10
Let g = -24 + 20. Let x(h) = h**2 + 3*h + 6. Give x(g).
10
Let f(q) = -q**3 + 3*q + 3. Suppose -2*b - 16 + 12 = 0. What is f(b)?
5
Suppose 4*u = -0*u. Suppose w + 1 = -u*w. Let q(y) = 10*y**3 + 1. Calculate q(w).
-9
Let x(c) = c**3 + 5*c**2 + 4*c + 1. Let z be (2/2)/(1/(-4)). Calculate x(z).
1
Let a(i) = -i**3 + 4*i**2 - 2*i + 1. Suppose 0*j + 4*j = 0. Let b be (2 - (-1 + j)) + -1. What is a(b)?
5
Let m(w) be the third derivative of -w**4/24 + 5*w**3/3 + 17*w**2 + 2*w. Calculate m(7).
3
Let x(j) = -4*j**3 - 1. Suppose -5*p + 6 = -3*q - 5, 2*p - 2*q - 6 = 0. Determine x(p).
-5
Let o(c) be the first derivative of -8*c**3/3 + c**2/2 - c + 19. Calculate o(1).
-8
Let v = 18 - 21. Let c(s) = -s**2 - s + 1. Give c(v).
-5
Let d = -39 - -79. Suppose 4*v + 5*c = -v + d, -v = -c + 2. Let a(u) = -u**2 - 3 + 4*u + 3*u - 3*u - u. What is a(v)?
-3
Let h(m) be the second derivative of m**3 + 1/3*m**4 - 1/20*m**5 + 0 - 3/2*m**2 - 2*m. What is h(5)?
2
Suppose 3*o + 2*l - 43 = 0, 16 = 5*l + 6. Let j(u) = 0 - u**2 - o*u - 3 + 11*u. Let k be ((2 + 0)/(-1))/1. Give j(k).
-3
Let b(p) = -5*p**2 + 2*p - 1. Let x(d) = -6*d**2 + 3*d - 2. Let l(y) = 5*b(y) - 4*x(y). Calculate l(2).
-5
Let b(i) = 1337*i**2 - 666*i**2 + 1 - 2*i + 2*i**3 - 673*i**2. Let m(t) = -t**3 + 2*t**2 + t + 3. Let d be m(3). Let l = -1 - d. What is b(l)?
5
Let n(f) be the third derivative of -f**6/120 - f**5/30 - f**4/6 - f**3/3 + 28*f**2. Let u(q) = -4 + 2*q**2 - q**2 + q**3 + 2. Let m be u(0). Give n(m).
6
Let m(f) = f**2 + f + 1. Let c(r) = -r**2 - 8*r + 2. Let x(q) = -c(q) - 2*m(q). Let y = -130 + 134. Calculate x(y).
4
Let w(a) be the third derivative of 0*a + 0 - 2/3*a**3 - 5/24*a**4 - 5*a**2 - 1/120*a**6 + 1/10*a**5. Determine w(4).
8
Let k(d) = -2*d. Let x be 0 - (-2 - 0)*1. Let p = x + 0. Suppose 0 = -2*w + w - p. What is k(w)?
4
Let v be (-6)/(-3) + 5/(-1). Let u(c) = -c**2 - 2*c. Let o be u(v). Let j(l) = l**3 + 4*l**2 + 5*l + 4. Calculate j(o).
-2
Let g(n) = -n + 3. Suppose 0 = 3*f - v + 4*v - 9, f + 5*v = 15. Suppose -3*y + t - 8 = 0, -2*y - 4*t - t - 28 = f. Let u = -7 - y. Give g(u).
6
Let i be (-26)/(-6) - 4 - (-1)/(-3). Let l(d) = -d**3 - 5. Calculate l(i).
-5
Let n(m) = 7*m**2 - 10*m - 17. Let f(c) = -3*c**2 + 5*c + 8. Let x(q) = 9*f(q) + 4*n(q). Calculate x(-3).
-2
Let b(r) = 2*r - 3. Let u be b(3). Let v(t) be the first derivative of -3*t**2 + 1/3*t**3 + u*t - 1. What is v(4)?
-5
Let h be 6 + -4 + 0/2. Suppose 0 = -2*p - h*y + 2, -3*p + 3*y = 4*y - 13. Let w(x) = -4*x - 2 + 1 - p. What is w(-5)?
13
Suppose -5*r = -8 - 2. Let g(x) = 2*x**3 - 7 + x**r - 3*x**3 - x + 0*x**3. Give g(0).
-7
Let n(u) = 8*u**3 - 2 - 8*u**3 + u**2 + u**3 - u. Let v(c) = -c - 5. Let d be v(-7). What is n(d)?
8
Let f be (-30)/(-7) + 4/(-14). Let t be f/6 + 2/(-3). Let o(g) = 5*g - g**3 - 3*g + t*g + 2 + 0*g. What is o(-2)?
6
Let x(s) be the first derivative of -1/4*s**4 - 5/3*s**3 + 4 + 5*s + 3*s**2. Calculate x(-6).
5
Let c(f) = -f**2 + 3*f - 3. Suppose -4*b + 10 = 2. Suppose b*y - 3 = 5. Give c(y).
-7
Let p(q) = q + 4. Let h(b) be the third derivative of b**5/40 + b**3/3 - 4*b**2. Let z(d) be the first derivative of h(d). Let j be z(-1). Give p(j).
1
Let r(n) = -n + 29. Let o be r(27). Let c(j) = 0*j**3 - j**3 - 1 + 2*j**2 - j + 3. Determine c(o).
0
Suppose 0 = -b + 4*b - 3*n - 12, -b + 28 = 5*n. Let t(w) = w**2 - 9*w + 2. Calculate t(b).
-6
Let v(r) = -r**3 + 5*r**2 - 3*r - 1. Let u = -21 + 45. Let k = u + -20. Give v(k).
3
Let b(d) = -d + 3 - 2 + 2 - 4. Determine b(-5).
4
Let c = -1 - -1. Suppose 0 = -4*x - y + 4, -x + 3*y = -5 - 9. Let p(z) = -x*z + c*z + 4 - 3*z. Calculate p(3).
-11
Let o(z) = -z**2 - 6*z + 5. Suppose 1 = 3*t + 22. Let u be o(t). Let b(c) = 3*c + 1. Determine b(u).
-5
Let y be (-7 + 4)*2/(-3). Let j(k) = -1 - k**2 - 2*k**3 - y*k**2 - k - k. What is j(-2)?
7
Suppose 3*n + 0*d = -3*d - 3, -d - 1 = -n. Suppose a - 4*a + 12 = n. Let r(p) = p**3 - 3*p**2 - 8*p + 1. Let g(f) = f. Let b(l) = 3*g(l) + r(l). Determine b(a).
-3
Let c(t) = -t + 5. Let p(d) = 2*d - 2. Let b be p(-1). What is c(b)?
9
Suppose -5*g - 4*f + 6 - 33 = 0, 5*f - 45 = 5*g. Let m(n) = -3*n**3 + 14*n**2 - 2*n. Let l(v) = v**3 - 7*v**2 + v. Let p(r) = -5*l(r) - 2*m(r). What is p(g)?
7
Suppose 0 = 3*h - 8*h + 30. Let q(x) = x + 8*x + x**2 - 2*x + x + h. Let d(o) = -4*o**2 + o. Let f be d(-1). Calculate q(f).
-9
Suppose d + 42 - 40 = 0. Let p(l) = -2*l**2 - l - 2. Calculate p(d).
-8
Let m(z) = -z**3 - 7*z**2 + 9*z + 1. Let f be m(-8). Let u(r) = -r**2 - 8*r - 2. What is u(f)?
5
Let t(q) = q + 2. Let y be t(-9). Let v(f) = f. Calculate v(y).
-7
Let x(p) = -p**2 - p. Let b(z) = 12*z**2 + 5*z - 1. Let j(u) = -b(u) - 5*x(u). What is j(1)?
-6
Let u(y) = -2*y + 1 - 3*y**2 + 6*y**2 + 0. Give u(1).
2
Let q(u) be the first derivative of u**3/3 - u**2/2 + 6*u - 5. Suppose -p - 4 = 5*g, -2*g + 0*p - 8 = 2*p. Give q(g).
6
Let g(x) = -x**3 + x - 1. Let t(q) = q**3 + 2*q**2 - 2*q + 3. Let r(n) = -2*g(n) - t(n). What is r(4)?
31
Let g(v) = -1. Let u(s) = -s - 1. Let a(t) = -4*g(t) + u(t). Let h be a(-3). Let n be 11/h + 2/12. Let d(k) = -k**3 + 3*k**2 - 3*k + 1. What is d(n)?
-1
Let t = 3 + -5. Let c(m) be the second derivative of m**5/20 + m**4/4 - m. Give c(t).
4
Let t(c) = -c + 11. Let h(w) = 2*w - 16. Let u(x) = 5*h(x) + 7*t(x). What is u(2)?
3
Let c(z) = -5*z**2 + 4*z - 3 + 7*z**3 - z - 6*z**3 + 1. Suppose -g - 3 = -4*g. Suppose 0*i + 3*i = 2*p + g, 0 = -4*p - 3*i + 25. Calculate c(p).
-6
Let k(q) be the second derivative of q**7/840 - q**6/360 - q**5/120 + q**3/3 + q. Let c(p) be the second derivative of k(p). What is c(-1)?
-1
Let y(w) = w**3 + 9*w**2 - 11*w - 15. Let s(h) = -h**2 + 9*h - 18. Let o be s(8). Calculate y(o).
-5
Let g(u) = -5*u - 3. Let o be g(-2). Let c(x) = -x**2 + 9*x - 8. Give c(o).
6
Let v(p) = p**3 + p**2 - p - 1. Let o(z) = -3*z**3 + 7*z + 4. Let d(k) = o(k) + 4*v(k). Give d(-2).
2
Suppose -5 = i - t, -3*i + i - 22 = -5*t. Let u(c) = -2*c**2 + c. Give u(i).
-3
Let w(j) = -j**2 - 7*j + 4. Let p(g) = 4*g**2 + 22*g - 13. Let q(t) = -2*p(t) - 7*w(t). Let a be q(4). Let b(v) = -3*v**a + v + 4*v - 6*v. What is b(1)?
-4
Let a(i) be the second derivative of i**4/12 - 2*i**3/3 - 3*i**2/2 - i. Let h(v) = v - 2. Let k be h(7). What is a(k)?
2
Let d(u) = u**2 + 6*u - 8. Suppose -3*j = 40 - 16. Calculate d(j).
8
Let b(p) = -p + 9. Let t be b(9). Suppose t*w = -5*w + 70. Suppose 3*i - 3*v + 9 = 0, -v = -5*i + 3*v - w. Let k(z) = 4*z + 3. What is k(i)?
-5
Let a(w) be the third derivative of w**6/120 + w**5/20 + w**4/24 - w**3/2 - w**2. Suppose -3*m - 6 = -m. Calculate a(m).
-6
Let h(b) = 3*b - 6. Let v(c) = 4*c**3 + c**2 - 1. Let y be v(1). Determine h(y).
6
Let t = 10 + -18. Let n = -14 - t. Let m(l) = l**3 + 6*l**2 - l - 6. Determine m(n).
0
Let o(h) = 2*h**2 - 2*h + 1. Let m = -18 + 20. What is o(m)?
5
Let p be 35/42*(-1 + 7). Let f(g) = -g**3 + 6*g**2 - 7*g + 1. What is f(p)?
-9
Let q(n) = 2*n**2 - n + 1. Let l(h) = h**2 + 1. Let f(j) = 5*l(j) - 2*q(j). Let u = -1 + 1. Suppose 0*i + 2*i + 4 = u. Give f(i).
3
Let r(s) = -s**3 - 3*s**2 + 2*s. Let o(c) be the second derivative of -c**5/20 - 7*c**4/12 - 7*c**3/6 - 9*c**2/2 - 2*c. Let f be o(-6). Determine r(f).
-6
Let k(u) be the first derivative of -u**7/840 + u**6/60 - u**5/24 + 7*u**4/24 + 4*u**3/3 + 2. Let m(s) be the third derivative of